{"id":198,"date":"2024-11-28T18:08:14","date_gmt":"2024-11-28T18:08:14","guid":{"rendered":"https:\/\/artivismofeminista.cl\/?page_id=198"},"modified":"2025-04-15T18:08:51","modified_gmt":"2025-04-15T18:08:51","slug":"nuestro-proyecto","status":"publish","type":"page","link":"https:\/\/artivismofeminista.cl\/?page_id=198","title":{"rendered":"Acerca del proyecto"},"content":{"rendered":"\n<div class=\"wp-block-cover has-parallax wp-duotone-dark-grayscale\"><span aria-hidden=\"true\" class=\"wp-block-cover__background has-black-background-color has-background-dim-20 has-background-dim\"><\/span><div class=\"wp-block-cover__image-background wp-image-404 has-parallax\" style=\"background-position:50% 50%;background-image:url(https:\/\/artivismofeminista.cl\/wp-content\/uploads\/2024\/12\/IMG_4332-b-scaled.jpg)\"><\/div><div class=\"wp-block-cover__inner-container is-layout-constrained wp-block-cover-is-layout-constrained\">\n<div class=\"wp-block-group is-layout-constrained wp-block-group-is-layout-constrained\">\n<div class=\"wp-block-columns are-vertically-aligned-center is-layout-flex wp-container-core-columns-is-layout-e0e4babd wp-block-columns-is-layout-flex\" style=\"padding-right:0;padding-left:0\">\n<div class=\"wp-block-column is-vertically-aligned-center is-layout-flow wp-block-column-is-layout-flow\" style=\"flex-basis:100%\">\n<h2 class=\"wp-block-heading has-text-align-center has-ast-global-color-0-color has-ast-global-color-1-background-color has-text-color has-background has-link-color wp-elements-bada9a4d386b73bd2f87e7ecce5b0869\" style=\"padding-top:var(--wp--preset--spacing--20);padding-right:var(--wp--preset--spacing--20);padding-bottom:var(--wp--preset--spacing--20);padding-left:var(--wp--preset--spacing--20)\"><strong>INVESTIGACI\u00d3N MILITANTE \/ PENSAR SITUADO<\/strong><\/h2>\n<\/div>\n<\/div>\n<\/div>\n<\/div><\/div>\n\n\n\n<div class=\"wp-block-columns is-layout-flex wp-container-core-columns-is-layout-28f84493 wp-block-columns-is-layout-flex\">\n<div class=\"wp-block-column is-layout-constrained wp-block-column-is-layout-constrained\" style=\"flex-basis:100%\">\n<p style=\"margin-right:var(--wp--preset--spacing--80);margin-left:var(--wp--preset--spacing--80)\">El proyecto Fondecyt Iniciaci\u00f3n 11240583 titulado: <strong>ARTIVISMO FEMINISTA EN CHILE Y SUS APORTES A LAS ARTES CONTEMPOR\u00c1NEAS<\/strong> se enmarca en el campo de las artes visuales, originalmente desde el accionar en esta l\u00ednea a trav\u00e9s del compromiso feminista y posteriormente desde el estudio y teorizaci\u00f3n de las experiencias vividas. Se trata por tanto de una investigaci\u00f3n militante, ligada a un pensar situado.<\/p>\n\n\n\n<p class=\"has-ast-global-color-0-color has-ast-global-color-1-background-color has-text-color has-background has-link-color wp-elements-f68c8bcee2550b47044a0c73dcedbe55\" style=\"margin-right:var(--wp--preset--spacing--80);margin-left:var(--wp--preset--spacing--80);font-style:normal;font-weight:700;text-transform:uppercase\"><strong>En esta investigaci\u00f3n, el centro est\u00e1 puesto en el artivismo feminista realizado en Chile a partir del a\u00f1o 2017 cuando se denuncian abusos sexuales ocurridos en espacios educativos, intensific\u00e1ndose al a\u00f1o siguiente en el \u201cmayo feminista\u201d que marca un punto de inflexi\u00f3n en las formas de manifestarse en el pa\u00eds. <\/strong><\/p>\n\n\n\n<p style=\"margin-right:var(--wp--preset--spacing--80);margin-left:var(--wp--preset--spacing--80)\">Estas demandas, que en la conmemoraci\u00f3n del d\u00eda de las mujeres trabajadoras del a\u00f1o 2019 se reposicionan a trav\u00e9s de performances en las calles, hacen emerger con fuerza un artivismo feminista centrado en la acci\u00f3n, donde el lenguaje prioritario ser\u00e1n las artes y concretamente la performance, evidenciando su contenido pol\u00edtico. Por ello, en esta investigaci\u00f3n, el centro estar\u00e1 en las colectivas compuestas por diversas personas (no necesariamente artistas) por observar esto como una caracter\u00edstica que se repite a partir del 18 octubre de 2019, evidenciando un compromiso ciudadano y pol\u00edtico que ha encontrado en las artes un lenguaje propicio, aportando adem\u00e1s al campo de las artes contempor\u00e1neas.&nbsp;<\/p>\n\n\n\n<p style=\"margin-right:var(--wp--preset--spacing--80);margin-left:var(--wp--preset--spacing--80)\">La metodolog\u00eda de trabajo en esta investigaci\u00f3n es cualitativa de tipo interpretativa y hermen\u00e9utica, con revisi\u00f3n de fuentes bibliogr\u00e1ficas, documentales y la realizaci\u00f3n de entrevistas semiestructuradas, adem\u00e1s de considerar la propia experiencia en este campo de acci\u00f3n. Se realizar\u00e1 interpretaci\u00f3n y an\u00e1lisis de acciones desde el m\u00e9todo semi\u00f3tico, considerando la epistemolog\u00eda feminista adem\u00e1s de m\u00e9todos anal\u00edticos como el Estudio de Casos para analizar experiencias de artivismo feminista desplegados en el territorio. <\/p>\n\n\n\n<p style=\"margin-right:var(--wp--preset--spacing--80);margin-left:var(--wp--preset--spacing--80)\">En este recorrido, nos interesa dar importancia a los relatos de quienes hayan realizado las acciones a trav\u00e9s de un enfoque detallado y descriptivo, cuidando lo narrativo a trav\u00e9s del relato autoetnogr\u00e1fico puesto que uno de los elementos movilizadores de la creaci\u00f3n perform\u00e1tica es el cuerpo, y por ello, la experiencia de vida adquiere relevancia para comprender el porqu\u00e9 de las creaciones y acciones desplegadas. Para este an\u00e1lisis, se trabajar\u00e1 con el programa ATLAS.TI que permitir\u00e1 codificar las entrevistas semiestructuradas (online y\/o presenciales) bajo categor\u00edas preliminares que permitir\u00e1n visibilizar de mejor forma aquellos aspectos relevantes que ayuden a evidenciar elementos en com\u00fan, pero tambi\u00e9n aquellos disonantes entre las experiencias de artivismo feminista contempladas.<\/p>\n\n\n\n<p style=\"margin-right:var(--wp--preset--spacing--80);margin-left:var(--wp--preset--spacing--80)\">Ahora bien, m\u00e1s all\u00e1 de la investigaci\u00f3n en concreto, una de las reflexiones que ha dado lugar a ella tiene que ver tambi\u00e9n con el poder situar un punto de inicio de este trabajo, sobre todo cuando \u00e9ste ha venido dado por los a\u00f1os, la confluencia de saberes, las distintas experiencias de vida (propias y compartidas) as\u00ed como las formas en que, desde las artes visuales y el compromiso pol\u00edtico, vamos accionando y encontrando(nos) con las compa\u00f1eras, en las calles y otros espacios, donde lo vamos practicando continuamente. Hablar entonces de un inicio resulta, por decirlo menos, complejo. Dif\u00edcil es tambi\u00e9n situar este inicio en un momento espec\u00edfico, cuando principalmente ha sido la intuici\u00f3n o la disconformidad frente a las desigualdades lo que lo ha guiado. Pero como toda historia que se cuenta, es preciso marcar un momento y en esta oportunidad, con las particularidades que ello dibuja, es el a\u00f1o 2024 a ra\u00edz de la adjudicaci\u00f3n en ANID del proyecto Fondecyt de Iniciaci\u00f3n, que dar\u00e1 pie a esta traves\u00eda con distintas colectivas de artivismos feministas que accionan en el territorio, para conocerlas,&nbsp; aprender m\u00e1s de ellas y de su potencial movilizador de estructuras, iniciador de cambios sociales y pol\u00edticos, junto con reconocer sus influencias y aportes, en las artes contempor\u00e1neas.<\/p>\n\n\n\n<p><\/p>\n\n\n\n<p><\/p>\n<\/div>\n<\/div>\n","protected":false},"excerpt":{"rendered":"<p>El proyecto Fondecyt Iniciaci\u00f3n 11240583 titulado: ARTIVISMO FEMINISTA EN CHILE Y SUS APORTES A LAS ARTES CONTEMPOR\u00c1NEAS se enmarca en [&hellip;]<\/p>\n","protected":false},"author":1,"featured_media":0,"parent":0,"menu_order":0,"comment_status":"closed","ping_status":"closed","template":"","meta":{"site-sidebar-layout":"default","site-content-layout":"","ast-site-content-layout":"default","site-content-style":"default","site-sidebar-style":"default","ast-global-header-display":"","ast-banner-title-visibility":"","ast-main-header-display":"","ast-hfb-above-header-display":"","ast-hfb-below-header-display":"","ast-hfb-mobile-header-display":"","site-post-title":"disabled","ast-breadcrumbs-content":"","ast-featured-img":"","footer-sml-layout":"","theme-transparent-header-meta":"","adv-header-id-meta":"","stick-header-meta":"","header-above-stick-meta":"","header-main-stick-meta":"","header-below-stick-meta":"","astra-migrate-meta-layouts":"default","ast-page-background-enabled":"default","ast-page-background-meta":{"desktop":{"background-color":"var(--ast-global-color-4)","background-image":"","background-repeat":"repeat","background-position":"center center","background-size":"auto","background-attachment":"scroll","background-type":"","background-media":"","overlay-type":"","overlay-color":"","overlay-opacity":"","overlay-gradient":""},"tablet":{"background-color":"","background-image":"","background-repeat":"repeat","background-position":"center center","background-size":"auto","background-attachment":"scroll","background-type":"","background-media":"","overlay-type":"","overlay-color":"","overlay-opacity":"","overlay-gradient":""},"mobile":{"background-color":"","background-image":"","background-repeat":"repeat","background-position":"center center","background-size":"auto","background-attachment":"scroll","background-type":"","background-media":"","overlay-type":"","overlay-color":"","overlay-opacity":"","overlay-gradient":""}},"ast-content-background-meta":{"desktop":{"background-color":"var(--ast-global-color-5)","background-image":"","background-repeat":"repeat","background-position":"center center","background-size":"auto","background-attachment":"scroll","background-type":"","background-media":"","overlay-type":"","overlay-color":"","overlay-opacity":"","overlay-gradient":""},"tablet":{"background-color":"var(--ast-global-color-5)","background-image":"","background-repeat":"repeat","background-position":"center center","background-size":"auto","background-attachment":"scroll","background-type":"","background-media":"","overlay-type":"","overlay-color":"","overlay-opacity":"","overlay-gradient":""},"mobile":{"background-color":"var(--ast-global-color-5)","background-image":"","background-repeat":"repeat","background-position":"center center","background-size":"auto","background-attachment":"scroll","background-type":"","background-media":"","overlay-type":"","overlay-color":"","overlay-opacity":"","overlay-gradient":""}},"footnotes":""},"class_list":["post-198","page","type-page","status-publish","hentry"],"_links":{"self":[{"href":"https:\/\/artivismofeminista.cl\/index.php?rest_route=\/wp\/v2\/pages\/198","targetHints":{"allow":["GET"]}}],"collection":[{"href":"https:\/\/artivismofeminista.cl\/index.php?rest_route=\/wp\/v2\/pages"}],"about":[{"href":"https:\/\/artivismofeminista.cl\/index.php?rest_route=\/wp\/v2\/types\/page"}],"author":[{"embeddable":true,"href":"https:\/\/artivismofeminista.cl\/index.php?rest_route=\/wp\/v2\/users\/1"}],"replies":[{"embeddable":true,"href":"https:\/\/artivismofeminista.cl\/index.php?rest_route=%2Fwp%2Fv2%2Fcomments&post=198"}],"version-history":[{"count":33,"href":"https:\/\/artivismofeminista.cl\/index.php?rest_route=\/wp\/v2\/pages\/198\/revisions"}],"predecessor-version":[{"id":449,"href":"https:\/\/artivismofeminista.cl\/index.php?rest_route=\/wp\/v2\/pages\/198\/revisions\/449"}],"wp:attachment":[{"href":"https:\/\/artivismofeminista.cl\/index.php?rest_route=%2Fwp%2Fv2%2Fmedia&parent=198"}],"curies":[{"name":"wp","href":"https:\/\/api.w.org\/{rel}","templated":true}]}}